{"id":142,"date":"2020-01-07T13:09:28","date_gmt":"2020-01-07T12:09:28","guid":{"rendered":"http:\/\/wpadmin\/?page_id=142"},"modified":"2020-03-06T15:42:17","modified_gmt":"2020-03-06T14:42:17","slug":"referencer","status":"publish","type":"page","link":"https:\/\/www.arcanic.dk\/index.php\/referencer\/","title":{"rendered":"Referencer"},"content":{"rendered":"\n<p>Nedenfor ses et udpluk af Arcanics langvarige og st\u00e6rke kunderelationer.<\/p>\n\n\n\n<ul class=\"wp-block-list\"><li>Copenhagen Business School<\/li><li>Copenhagen Business Academy<\/li><li>Danmarks Tekniske Universitet<\/li><li>KADK<\/li><li>K\u00f8benhavns Erhvervsakadami<\/li><li>K\u00f8benhavns Universitet<\/li><li>K\u00f8benhavns Professionsh\u00f8jskole<\/li><li>Roskilde Universitet<\/li><li>Syddansk Universitet<\/li><li>Aalborg Universitet<\/li><li>Aarhus Universitet <\/li><\/ul>\n\n\n\n<p><\/p>\n\n\n\n<p><\/p>\n","protected":false},"excerpt":{"rendered":"<p>Nedenfor ses et udpluk af Arcanics langvarige og st\u00e6rke kunderelationer. Copenhagen Business School Copenhagen Business Academy Danmarks Tekniske Universitet KADK K\u00f8benhavns Erhvervsakadami K\u00f8benhavns Universitet K\u00f8benhavns Professionsh\u00f8jskole Roskilde Universitet Syddansk Universitet Aalborg Universitet Aarhus Universitet<\/p>\n","protected":false},"author":2,"featured_media":0,"parent":0,"menu_order":0,"comment_status":"closed","ping_status":"closed","template":"","meta":{"footnotes":""},"class_list":["post-142","page","type-page","status-publish","hentry"],"featured_image_urls_v2":{"full":"","thumbnail":"","medium":"","medium_large":"","large":"","1536x1536":"","2048x2048":""},"post_excerpt_stackable_v2":"<p>Nedenfor ses et udpluk af Arcanics langvarige og st\u00e6rke kunderelationer. Copenhagen Business SchoolCopenhagen Business AcademyDanmarks Tekniske UniversitetKADKK\u00f8benhavns ErhvervsakadamiK\u00f8benhavns UniversitetK\u00f8benhavns Professionsh\u00f8jskoleRoskilde UniversitetSyddansk UniversitetAalborg UniversitetAarhus Universitet<\/p>\n","category_list_v2":"","author_info_v2":{"name":"Berit Cecilie Brix","url":"https:\/\/www.arcanic.dk\/index.php\/author\/bcbrix\/"},"comments_num_v2":"0 comments","_links":{"self":[{"href":"https:\/\/www.arcanic.dk\/index.php\/wp-json\/wp\/v2\/pages\/142","targetHints":{"allow":["GET"]}}],"collection":[{"href":"https:\/\/www.arcanic.dk\/index.php\/wp-json\/wp\/v2\/pages"}],"about":[{"href":"https:\/\/www.arcanic.dk\/index.php\/wp-json\/wp\/v2\/types\/page"}],"author":[{"embeddable":true,"href":"https:\/\/www.arcanic.dk\/index.php\/wp-json\/wp\/v2\/users\/2"}],"replies":[{"embeddable":true,"href":"https:\/\/www.arcanic.dk\/index.php\/wp-json\/wp\/v2\/comments?post=142"}],"version-history":[{"count":8,"href":"https:\/\/www.arcanic.dk\/index.php\/wp-json\/wp\/v2\/pages\/142\/revisions"}],"predecessor-version":[{"id":378,"href":"https:\/\/www.arcanic.dk\/index.php\/wp-json\/wp\/v2\/pages\/142\/revisions\/378"}],"wp:attachment":[{"href":"https:\/\/www.arcanic.dk\/index.php\/wp-json\/wp\/v2\/media?parent=142"}],"curies":[{"name":"wp","href":"https:\/\/api.w.org\/{rel}","templated":true}]}}