{"id":406,"date":"2020-03-09T10:21:32","date_gmt":"2020-03-09T09:21:32","guid":{"rendered":"http:\/\/www.arcanic.dk\/?page_id=406"},"modified":"2020-10-06T07:43:03","modified_gmt":"2020-10-06T06:43:03","slug":"mcq","status":"publish","type":"page","link":"https:\/\/www.arcanic.dk\/index.php\/losninger\/mcq\/","title":{"rendered":"MCQ"},"content":{"rendered":"\n<p>Arcanics MCQ l\u00f8sning tilbyder en enkel ops\u00e6tning og afvikling af multiple choice sp\u00f8rgsm\u00e5l. L\u00f8sningen er s\u00f8ml\u00f8st knyttet til Digital Eksamen, hvorfra der b\u00e5de er mulighed for ops\u00e6tning\/redigering af sp\u00f8rgsm\u00e5l og afvikling af pr\u00f8ver for studerende.<\/p>\n\n\n\n<p>Du kan l\u00e6se mere om hvordan du bruger v\u00e6rkt\u00f8jet som <a href=\"https:\/\/www.arcanic.dk\/wp-content\/uploads\/2020\/10\/Produktbeskrivelse_ArcanicMCQ_bed\u00f8mmer.pdf\" target=\"_blank\" rel=\"noreferrer noopener\">bed\u00f8mmer<strong> <\/strong><\/a>og som <a href=\"https:\/\/digitaleksamen.arcanic.dk\/wp-content\/uploads\/2020\/10\/Produktbeskrivelse_ArcanicMCQ_admin.pdf\" target=\"_blank\" rel=\"noreferrer noopener\">administrator<\/a> ved at klikke p\u00e5 de respektive roller.<\/p>\n\n\n\n<pre class=\"wp-block-preformatted\">For mere information kontakt Arvid Klein Gregersen p\u00e5 arig@arcanic.dk<\/pre>\n\n\n\n<p><\/p>\n","protected":false},"excerpt":{"rendered":"<p>underst\u00f8tter ops\u00e6tning, afvikling og efterbehandling af forskellige typer af  multiple choice sp\u00f8rgsm\u00e5l.<\/p>\n","protected":false},"author":2,"featured_media":0,"parent":58,"menu_order":0,"comment_status":"closed","ping_status":"closed","template":"","meta":{"footnotes":""},"class_list":["post-406","page","type-page","status-publish","hentry"],"featured_image_urls_v2":{"full":"","thumbnail":"","medium":"","medium_large":"","large":"","1536x1536":"","2048x2048":""},"post_excerpt_stackable_v2":"<p>underst\u00f8tter ops\u00e6tning, afvikling og efterbehandling af forskellige typer af  multiple choice sp\u00f8rgsm\u00e5l.<\/p>\n","category_list_v2":"","author_info_v2":{"name":"Berit Cecilie Brix","url":"https:\/\/www.arcanic.dk\/index.php\/author\/bcbrix\/"},"comments_num_v2":"0 comments","_links":{"self":[{"href":"https:\/\/www.arcanic.dk\/index.php\/wp-json\/wp\/v2\/pages\/406","targetHints":{"allow":["GET"]}}],"collection":[{"href":"https:\/\/www.arcanic.dk\/index.php\/wp-json\/wp\/v2\/pages"}],"about":[{"href":"https:\/\/www.arcanic.dk\/index.php\/wp-json\/wp\/v2\/types\/page"}],"author":[{"embeddable":true,"href":"https:\/\/www.arcanic.dk\/index.php\/wp-json\/wp\/v2\/users\/2"}],"replies":[{"embeddable":true,"href":"https:\/\/www.arcanic.dk\/index.php\/wp-json\/wp\/v2\/comments?post=406"}],"version-history":[{"count":19,"href":"https:\/\/www.arcanic.dk\/index.php\/wp-json\/wp\/v2\/pages\/406\/revisions"}],"predecessor-version":[{"id":730,"href":"https:\/\/www.arcanic.dk\/index.php\/wp-json\/wp\/v2\/pages\/406\/revisions\/730"}],"up":[{"embeddable":true,"href":"https:\/\/www.arcanic.dk\/index.php\/wp-json\/wp\/v2\/pages\/58"}],"wp:attachment":[{"href":"https:\/\/www.arcanic.dk\/index.php\/wp-json\/wp\/v2\/media?parent=406"}],"curies":[{"name":"wp","href":"https:\/\/api.w.org\/{rel}","templated":true}]}}