{"id":439,"date":"2020-03-09T13:27:13","date_gmt":"2020-03-09T12:27:13","guid":{"rendered":"http:\/\/www.arcanic.dk\/?page_id=439"},"modified":"2020-06-24T06:55:26","modified_gmt":"2020-06-24T05:55:26","slug":"anmodninger-og-samtykke","status":"publish","type":"page","link":"https:\/\/www.arcanic.dk\/index.php\/losninger\/anmodninger-og-samtykke\/","title":{"rendered":"Anmodninger og samtykke"},"content":{"rendered":"\n<p>V\u00e6rkt\u00f8jet er udviklet i samarbejde med cphbusiness og h\u00e5ndterer anmodninger om indsigt, sletning mm og registrering af samtykkeerkl\u00e6ringer fra nuv\u00e6rende ansatte og studerende samt eksterne, der kunne have behov for at lave anmodninger eller samtykkeerkl\u00e6ringer. <\/p>\n\n\n\n<p>Der findes tre forskellige loginmuligheder. NEMid-login for alle med et NEMid, WAYF login for nuv\u00e6rende studerende og ansatte, samt WAYF login for administratorer af systemet. <\/p>\n\n\n\n<pre class=\"wp-block-preformatted\">For mere information kontakt Lars Kampp Zilmer p\u00e5 zlmr@arcanic.dk<\/pre>\n","protected":false},"excerpt":{"rendered":"<p>underst\u00f8tter anmodninger om indsigt, sletning mm og registrering af samtykkeerkl\u00e6ringer fra ansatte, studerende samt eksterne.<\/p>\n","protected":false},"author":2,"featured_media":0,"parent":58,"menu_order":0,"comment_status":"closed","ping_status":"closed","template":"page-product.php","meta":{"footnotes":""},"class_list":["post-439","page","type-page","status-publish","hentry"],"featured_image_urls_v2":{"full":"","thumbnail":"","medium":"","medium_large":"","large":"","1536x1536":"","2048x2048":""},"post_excerpt_stackable_v2":"<p>underst\u00f8tter anmodninger om indsigt, sletning mm og registrering af samtykkeerkl\u00e6ringer fra ansatte, studerende samt eksterne.<\/p>\n","category_list_v2":"","author_info_v2":{"name":"Berit Cecilie Brix","url":"https:\/\/www.arcanic.dk\/index.php\/author\/bcbrix\/"},"comments_num_v2":"0 comments","_links":{"self":[{"href":"https:\/\/www.arcanic.dk\/index.php\/wp-json\/wp\/v2\/pages\/439","targetHints":{"allow":["GET"]}}],"collection":[{"href":"https:\/\/www.arcanic.dk\/index.php\/wp-json\/wp\/v2\/pages"}],"about":[{"href":"https:\/\/www.arcanic.dk\/index.php\/wp-json\/wp\/v2\/types\/page"}],"author":[{"embeddable":true,"href":"https:\/\/www.arcanic.dk\/index.php\/wp-json\/wp\/v2\/users\/2"}],"replies":[{"embeddable":true,"href":"https:\/\/www.arcanic.dk\/index.php\/wp-json\/wp\/v2\/comments?post=439"}],"version-history":[{"count":6,"href":"https:\/\/www.arcanic.dk\/index.php\/wp-json\/wp\/v2\/pages\/439\/revisions"}],"predecessor-version":[{"id":624,"href":"https:\/\/www.arcanic.dk\/index.php\/wp-json\/wp\/v2\/pages\/439\/revisions\/624"}],"up":[{"embeddable":true,"href":"https:\/\/www.arcanic.dk\/index.php\/wp-json\/wp\/v2\/pages\/58"}],"wp:attachment":[{"href":"https:\/\/www.arcanic.dk\/index.php\/wp-json\/wp\/v2\/media?parent=439"}],"curies":[{"name":"wp","href":"https:\/\/api.w.org\/{rel}","templated":true}]}}