{"id":58,"date":"2019-11-25T14:11:17","date_gmt":"2019-11-25T13:11:17","guid":{"rendered":"http:\/\/wpadmin\/?page_id=58"},"modified":"2020-06-19T08:44:50","modified_gmt":"2020-06-19T07:44:50","slug":"losninger","status":"publish","type":"page","link":"https:\/\/www.arcanic.dk\/index.php\/losninger\/","title":{"rendered":"Produkter"},"content":{"rendered":"\n<p>Arcanic tilbyder en bred og anerkendt softwareportef\u00f8lje, som underst\u00f8tter den studerendes brugerrejse fra optag til undervisning og eksamen samt det administrative workflow.<\/p>\n\n\n\n<p>Vi har stor fokus p\u00e5 at levere praksisn\u00e6re l\u00f8sninger. Derfor kan vi hos Arcanic tilbyde tilpasninger af alle standardsystemer, s\u00e5 det helt specifikke workflow underst\u00f8ttes hos jer.<\/p>\n","protected":false},"excerpt":{"rendered":"<p>Arcanic tilbyder en bred og anerkendt softwareportef\u00f8lje, som underst\u00f8tter den studerendes brugerrejse fra optag til undervisning og eksamen samt det administrative workflow. Vi har stor fokus p\u00e5 at levere praksisn\u00e6re l\u00f8sninger. Derfor kan vi hos Arcanic tilbyde tilpasninger af alle standardsystemer, s\u00e5 det helt specifikke workflow underst\u00f8ttes hos jer.<\/p>\n","protected":false},"author":2,"featured_media":0,"parent":0,"menu_order":0,"comment_status":"closed","ping_status":"closed","template":"page-product-overview.php","meta":{"footnotes":""},"class_list":["post-58","page","type-page","status-publish","hentry"],"featured_image_urls_v2":{"full":"","thumbnail":"","medium":"","medium_large":"","large":"","1536x1536":"","2048x2048":""},"post_excerpt_stackable_v2":"<p>Arcanic tilbyder en bred og anerkendt softwareportef\u00f8lje, som underst\u00f8tter den studerendes brugerrejse fra optag til undervisning og eksamen samt det administrative workflow. Vi har stor fokus p\u00e5 at levere praksisn\u00e6re l\u00f8sninger. Derfor kan vi hos Arcanic tilbyde tilpasninger af alle standardsystemer, s\u00e5 det helt specifikke workflow underst\u00f8ttes hos jer.<\/p>\n","category_list_v2":"","author_info_v2":{"name":"Berit Cecilie Brix","url":"https:\/\/www.arcanic.dk\/index.php\/author\/bcbrix\/"},"comments_num_v2":"0 comments","_links":{"self":[{"href":"https:\/\/www.arcanic.dk\/index.php\/wp-json\/wp\/v2\/pages\/58","targetHints":{"allow":["GET"]}}],"collection":[{"href":"https:\/\/www.arcanic.dk\/index.php\/wp-json\/wp\/v2\/pages"}],"about":[{"href":"https:\/\/www.arcanic.dk\/index.php\/wp-json\/wp\/v2\/types\/page"}],"author":[{"embeddable":true,"href":"https:\/\/www.arcanic.dk\/index.php\/wp-json\/wp\/v2\/users\/2"}],"replies":[{"embeddable":true,"href":"https:\/\/www.arcanic.dk\/index.php\/wp-json\/wp\/v2\/comments?post=58"}],"version-history":[{"count":7,"href":"https:\/\/www.arcanic.dk\/index.php\/wp-json\/wp\/v2\/pages\/58\/revisions"}],"predecessor-version":[{"id":823,"href":"https:\/\/www.arcanic.dk\/index.php\/wp-json\/wp\/v2\/pages\/58\/revisions\/823"}],"wp:attachment":[{"href":"https:\/\/www.arcanic.dk\/index.php\/wp-json\/wp\/v2\/media?parent=58"}],"curies":[{"name":"wp","href":"https:\/\/api.w.org\/{rel}","templated":true}]}}