{"id":633,"date":"2020-08-28T08:36:01","date_gmt":"2020-08-28T07:36:01","guid":{"rendered":"http:\/\/www.arcanic.dk\/?page_id=633"},"modified":"2024-10-14T10:08:26","modified_gmt":"2024-10-14T09:08:26","slug":"forudsaetningskrav","status":"publish","type":"page","link":"https:\/\/www.arcanic.dk\/index.php\/losninger\/forudsaetningskrav\/","title":{"rendered":"Foruds\u00e6tningskrav"},"content":{"rendered":"\n<p>V\u00e6rkt\u00f8jet underst\u00f8tter muligheden for at stille specifikke og manuelt opsatte krav som foruds\u00e6tning for at den studerendes kan indstille sig  eksamen. <\/p>\n\n\n\n<p><strong>For adminstratorer<\/strong> (typisk studieservervice) tilbyder v\u00e6rkt\u00f8jet<\/p>\n\n\n\n<ul class=\"wp-block-list\"><li>s\u00e6rskilt overblik p\u00e5 tv\u00e6rs af undervisningshold, som g\u00f8r det enkelt at f\u00f8lge op p\u00e5 eksamensindstillinger.<\/li><li>mulighed for at vedligeholde obligatoriske studieordningsbestemte foruds\u00e6tningskrav, der automatisk distribueres til de relevante undervisningshold.<\/li><\/ul>\n\n\n\n<p><strong>For underviserne<\/strong> er er mulighed for at kunne udvide paletten af krav udover de s\u00e6dvanlige opgaveafleveringer og tilstedev\u00e6relse<\/p>\n\n\n\n<ul class=\"wp-block-list\"><li>Der kan fx s\u00e6ttes krav om \u00f8velser, hvor underviseren ud for \u00f8velse kan markere om den er udf\u00f8rt og eventuelt noterer en bed\u00f8mmelse og en kommentar.<\/li><li>Det kan ogs\u00e5 v\u00e6re krav om, at de studerende skal reflektere over egen l\u00e6ring i form af refleksionsemneord, der kan v\u00e6re tilf\u00f8jet via et refleksionsforum.<\/li><\/ul>\n\n\n\n<p><strong>B\u00e5de for studerende og undervisere<\/strong> giver foruds\u00e6tningskrav mulighed for at f\u00f8lge med i de studerendes progression og hj\u00e6lp til vurdering af om den enkelte studerende kan indstille sig til eksamen.<\/p>\n\n\n\n<p><\/p>\n\n\n\n<p><strong>Integration<\/strong> af foruds\u00e6tningskrav med institutionernes egne LMS&#8217;er som fx It&#8217;s Learning kan ogs\u00e5 tilbydes. Desuden kan foruds\u00e6tningskrav-modulet s\u00e6ttes op til at sende data direkte til STADS\/esas for at forenkle den administrative proces.<\/p>\n\n\n\n<pre class=\"wp-block-preformatted\">For mere information kontakt Lars Kampp Zilmer p\u00e5 zlmr@arcanic.dk<\/pre>\n\n\n\n<p><\/p>\n","protected":false},"excerpt":{"rendered":"<p>underst\u00f8tter muligheden for at stille s\u00e6rlige krav til de studerende som foruds\u00e6tning for at kunne indstille sig til eksamen. Det kan fx. v\u00e6re refleksion over emneord og \u00f8velser.<\/p>\n","protected":false},"author":2,"featured_media":0,"parent":58,"menu_order":0,"comment_status":"closed","ping_status":"closed","template":"page-product.php","meta":{"footnotes":""},"class_list":["post-633","page","type-page","status-publish","hentry"],"featured_image_urls_v2":{"full":"","thumbnail":"","medium":"","medium_large":"","large":"","1536x1536":"","2048x2048":""},"post_excerpt_stackable_v2":"<p>underst\u00f8tter muligheden for at stille s\u00e6rlige krav til de studerende som foruds\u00e6tning for at kunne indstille sig til eksamen. Det kan fx. v\u00e6re refleksion over emneord og \u00f8velser.<\/p>\n","category_list_v2":"","author_info_v2":{"name":"Berit Cecilie Brix","url":"https:\/\/www.arcanic.dk\/index.php\/author\/bcbrix\/"},"comments_num_v2":"0 comments","_links":{"self":[{"href":"https:\/\/www.arcanic.dk\/index.php\/wp-json\/wp\/v2\/pages\/633","targetHints":{"allow":["GET"]}}],"collection":[{"href":"https:\/\/www.arcanic.dk\/index.php\/wp-json\/wp\/v2\/pages"}],"about":[{"href":"https:\/\/www.arcanic.dk\/index.php\/wp-json\/wp\/v2\/types\/page"}],"author":[{"embeddable":true,"href":"https:\/\/www.arcanic.dk\/index.php\/wp-json\/wp\/v2\/users\/2"}],"replies":[{"embeddable":true,"href":"https:\/\/www.arcanic.dk\/index.php\/wp-json\/wp\/v2\/comments?post=633"}],"version-history":[{"count":19,"href":"https:\/\/www.arcanic.dk\/index.php\/wp-json\/wp\/v2\/pages\/633\/revisions"}],"predecessor-version":[{"id":966,"href":"https:\/\/www.arcanic.dk\/index.php\/wp-json\/wp\/v2\/pages\/633\/revisions\/966"}],"up":[{"embeddable":true,"href":"https:\/\/www.arcanic.dk\/index.php\/wp-json\/wp\/v2\/pages\/58"}],"wp:attachment":[{"href":"https:\/\/www.arcanic.dk\/index.php\/wp-json\/wp\/v2\/media?parent=633"}],"curies":[{"name":"wp","href":"https:\/\/api.w.org\/{rel}","templated":true}]}}