{"id":825,"date":"2022-09-16T13:38:45","date_gmt":"2022-09-16T12:38:45","guid":{"rendered":"https:\/\/www.arcanic.dk\/?page_id=825"},"modified":"2024-10-14T10:07:44","modified_gmt":"2024-10-14T09:07:44","slug":"eksamensklager","status":"publish","type":"page","link":"https:\/\/www.arcanic.dk\/index.php\/losninger\/eksamensklager\/","title":{"rendered":"Eksamensklager"},"content":{"rendered":"\n<p>Systemet underst\u00f8tter klageprocessen fra den studerende indsender en klage til at de f\u00e5r en afg\u00f8relse og er udviklet i samarbejde med DTU. Systemet kan dog tilpasses s\u00e5 det matcher institutionens behov, interessenter og arbejdsprocesser. Eksamensklager kan ogs\u00e5 integreres med det studieadministrative system og institutionens ESDH system.<\/p>\n\n\n\n<p><strong>Oprettelse af klage<\/strong> (studerende)<\/p>\n\n\n\n<ul class=\"wp-block-list\"><li>Oprettelsen af en klage foretages af den studerende og tager udgangspunkt i tilmeldinger til aktiviteter (kurser, praktikker, projekter mm) og tr\u00e6kkes fra det studieadministrative system <\/li><li>Klagen bliver s\u00e5ledes helt automatisk p\u00e5stemlet formelle informationer om bed\u00f8mmelse, dato, uddannelsesretning mv<\/li><li>Studerende udfylder en r\u00e6kke yderligere informationer, vedh\u00e6fter filer og kan anf\u00f8re eventuelle medklagere<\/li><li>Sagen gemmes automatisk som kladde og ved indsendelse kan den ikke l\u00e6ngere redigeres<\/li><li>Fra sin forside har den studerende et overblik over sine sager<\/li><\/ul>\n\n\n\n<p><strong>Behandling af klage<\/strong> (sagsbehandler)<\/p>\n\n\n\n<ul class=\"wp-block-list\"><li>N\u00e5r sagsbehandler &#8220;tager&#8221; en sag s\u00e5 s\u00e6ttes vedkommendes initialer p\u00e5 og sagen bliver en del af &#8220;mine sager&#8221;<\/li><li>Sagen kan sendes retur til den studerende s\u00e5fremt der er mangler<\/li><li>Sagen kan sendes til underviseren\/kursuslederen\/vejlederen og kan  sendes til eventuel partsh\u00f8ring hos den studerende efter behandling hos underviseren<\/li><\/ul>\n\n\n\n<p><strong>Generelt<\/strong><\/p>\n\n\n\n<p>Arbejdsprocesserne underst\u00f8ttes af tydelige statusangivelser og notifikationer\/alarmer, s\u00e5 ingen sager glemmes eller falder mellem to stole<\/p>\n\n\n\n<p> <\/p>\n\n\n\n<pre class=\"wp-block-preformatted\"> For mere information kontakt Anne Oddershede Larsen p\u00e5 aola@arcanic.dk<\/pre>\n\n\n\n<p><\/p>\n","protected":false},"excerpt":{"rendered":"<p>underst\u00f8tter klageprocessen fra den studerende indsender en klage til at de f\u00e5r en afg\u00f8relse <\/p>\n","protected":false},"author":2,"featured_media":0,"parent":58,"menu_order":0,"comment_status":"closed","ping_status":"closed","template":"","meta":{"footnotes":""},"class_list":["post-825","page","type-page","status-publish","hentry"],"featured_image_urls_v2":{"full":"","thumbnail":"","medium":"","medium_large":"","large":"","1536x1536":"","2048x2048":""},"post_excerpt_stackable_v2":"<p>underst\u00f8tter klageprocessen fra den studerende indsender en klage til at de f\u00e5r en afg\u00f8relse <\/p>\n","category_list_v2":"","author_info_v2":{"name":"Berit Cecilie Brix","url":"https:\/\/www.arcanic.dk\/index.php\/author\/bcbrix\/"},"comments_num_v2":"0 comments","_links":{"self":[{"href":"https:\/\/www.arcanic.dk\/index.php\/wp-json\/wp\/v2\/pages\/825","targetHints":{"allow":["GET"]}}],"collection":[{"href":"https:\/\/www.arcanic.dk\/index.php\/wp-json\/wp\/v2\/pages"}],"about":[{"href":"https:\/\/www.arcanic.dk\/index.php\/wp-json\/wp\/v2\/types\/page"}],"author":[{"embeddable":true,"href":"https:\/\/www.arcanic.dk\/index.php\/wp-json\/wp\/v2\/users\/2"}],"replies":[{"embeddable":true,"href":"https:\/\/www.arcanic.dk\/index.php\/wp-json\/wp\/v2\/comments?post=825"}],"version-history":[{"count":15,"href":"https:\/\/www.arcanic.dk\/index.php\/wp-json\/wp\/v2\/pages\/825\/revisions"}],"predecessor-version":[{"id":964,"href":"https:\/\/www.arcanic.dk\/index.php\/wp-json\/wp\/v2\/pages\/825\/revisions\/964"}],"up":[{"embeddable":true,"href":"https:\/\/www.arcanic.dk\/index.php\/wp-json\/wp\/v2\/pages\/58"}],"wp:attachment":[{"href":"https:\/\/www.arcanic.dk\/index.php\/wp-json\/wp\/v2\/media?parent=825"}],"curies":[{"name":"wp","href":"https:\/\/api.w.org\/{rel}","templated":true}]}}